{"id":3123,"date":"2022-10-21T08:12:01","date_gmt":"2022-10-21T08:12:01","guid":{"rendered":"https:\/\/klbtheme.com\/partdo\/?post_type=product&#038;p=3123"},"modified":"2025-11-14T03:16:29","modified_gmt":"2025-11-14T08:16:29","slug":"technaxx-car-alarm-with-charging-function-tx-100","status":"publish","type":"product","link":"https:\/\/www.sfgsac.net\/?product=technaxx-car-alarm-with-charging-function-tx-100","title":{"rendered":"3M, Respirador 6200, 1\/Paquete"},"content":{"rendered":"<p><strong>Caracter\u00edsticas:<\/strong><\/p>\n<ul>\n<li>El material elastom\u00e9rico es suave para la piel del usuario, reduce la posibilidad de irritaci\u00f3n en la piel.<\/li>\n<li>Amplio rango de protecci\u00f3n en una variedad de aplicaciones, pues la pieza facila se puede utilizar con cartuchos L\u00ednea 6000 y filtros de la l\u00ednea 2000.<\/li>\n<li>Ofrece comodidad al usuario, especialmente durante tiempo de uso prologando por su dise\u00f1o liviano y bien balanceado, puesto que permite una apropiada distribuci\u00f3n del peso del respirador y los cartuchos.<\/li>\n<li>Ajuste adecuado para una gran variedad de rostros, debido a que est\u00e1 disponible en tallas: peque\u00f1a (6100), mediana (6200) y grande(6300),<\/li>\n<li>Compatible con los filtros de la L\u00ednea 2000, combinaci\u00f3n liviana y c\u00f3moda, cuando se requiere protecci\u00f3n contra material particulado y niveles molestos de gase y\/o vapores.<\/li>\n<li>R\u00e1pida y f\u00e1cil colocaci\u00f3n de los cartuchos y los filtros por el dise\u00f1o de ajuste bayotena , que elimina el uso de retenedor.<\/li>\n<li>Facil mantenimiento y reducci\u00f3n del n\u00edmero de respuestos, por su dise\u00f1o compacto<\/li>\n<li>Dise\u00f1o de bajo perfil, mayor visibilidad al usuario<\/li>\n<li>Aprobaciones NIOSH\/MSHA para todas las combinaciones de cartuchos l\u00ednea 6000 y pre-filtros y los filtros de la l\u00ednea 2000.<\/li>\n<li>Marca: 3M<\/li>\n<\/ul>\n","protected":false},"excerpt":{"rendered":"<p>Respirador \u2013 Mascarilla 3M 6200, es un\u00a0elemento de proteccion respiratoria\u00a0confeccionado conpolimero sintetico\u00a0para la pieza facial y bandas elasticas en elast\u00f3mero suave y ligero,\u00a0con filtro de bajo mantenimiento, liviano, c\u00f3modo y f\u00e1cil de usar. Presenta un dise\u00f1o que proporciona un ajuste equilibrado y mayor campo de visi\u00f3n. Las v\u00e1lvulas de exhalaci\u00f3n e inhalaci\u00f3n extra grandes permiten tener una menor resistencia a la respiraci\u00f3n.<\/p>\n","protected":false},"featured_media":4735,"comment_status":"open","ping_status":"closed","template":"","meta":[],"product_cat":[117],"product_tag":[210,214,209,213,211,212],"class_list":{"0":"post-3123","1":"product","2":"type-product","3":"status-publish","4":"has-post-thumbnail","6":"product_cat-proteccion-respiratoria","7":"product_tag-3m","8":"product_tag-3m-peru","9":"product_tag-mascarilla","10":"product_tag-proteccion-respiratoria","11":"product_tag-respirador","12":"product_tag-respiradores","14":"first","15":"instock","16":"shipping-taxable","17":"product-type-simple"},"_links":{"self":[{"href":"https:\/\/www.sfgsac.net\/index.php?rest_route=\/wp\/v2\/product\/3123","targetHints":{"allow":["GET"]}}],"collection":[{"href":"https:\/\/www.sfgsac.net\/index.php?rest_route=\/wp\/v2\/product"}],"about":[{"href":"https:\/\/www.sfgsac.net\/index.php?rest_route=\/wp\/v2\/types\/product"}],"replies":[{"embeddable":true,"href":"https:\/\/www.sfgsac.net\/index.php?rest_route=%2Fwp%2Fv2%2Fcomments&post=3123"}],"wp:featuredmedia":[{"embeddable":true,"href":"https:\/\/www.sfgsac.net\/index.php?rest_route=\/wp\/v2\/media\/4735"}],"wp:attachment":[{"href":"https:\/\/www.sfgsac.net\/index.php?rest_route=%2Fwp%2Fv2%2Fmedia&parent=3123"}],"wp:term":[{"taxonomy":"product_cat","embeddable":true,"href":"https:\/\/www.sfgsac.net\/index.php?rest_route=%2Fwp%2Fv2%2Fproduct_cat&post=3123"},{"taxonomy":"product_tag","embeddable":true,"href":"https:\/\/www.sfgsac.net\/index.php?rest_route=%2Fwp%2Fv2%2Fproduct_tag&post=3123"}],"curies":[{"name":"wp","href":"https:\/\/api.w.org\/{rel}","templated":true}]}}

<p><strong>Características:</strong></p>
<ul>
<li>El material elastomérico es suave para la piel del usuario, reduce la posibilidad de irritación en la piel.</li>
<li>Amplio rango de protección en una variedad de aplicaciones, pues la pieza facila se puede utilizar con cartuchos Línea 6000 y filtros de la línea 2000.</li>
<li>Ofrece comodidad al usuario, especialmente durante tiempo de uso prologando por su diseño liviano y bien balanceado, puesto que permite una apropiada distribución del peso del respirador y los cartuchos.</li>
<li>Ajuste adecuado para una gran variedad de rostros, debido a que está disponible en tallas: pequeña (6100), mediana (6200) y grande(6300),</li>
<li>Compatible con los filtros de la Línea 2000, combinación liviana y cómoda, cuando se requiere protección contra material particulado y niveles molestos de gase y/o vapores.</li>
<li>Rápida y fácil colocación de los cartuchos y los filtros por el diseño de ajuste bayotena , que elimina el uso de retenedor.</li>
<li>Facil mantenimiento y reducción del nímero de respuestos, por su diseño compacto</li>
<li>Diseño de bajo perfil, mayor visibilidad al usuario</li>
<li>Aprobaciones NIOSH/MSHA para todas las combinaciones de cartuchos línea 6000 y pre-filtros y los filtros de la línea 2000.</li>
<li>Marca: 3M</li>
</ul>

<p>Respirador – Mascarilla 3M 6200, es un elemento de proteccion respiratoria confeccionado conpolimero sintetico para la pieza facial y bandas elasticas en elastómero suave y ligero, con filtro de bajo mantenimiento, liviano, cómodo y fácil de usar. Presenta un diseño que proporciona un ajuste equilibrado y mayor campo de visión. Las válvulas de exhalación e inhalación extra grandes permiten tener una menor resistencia a la respiración.</p>
