{"id":3132,"date":"2022-10-21T08:15:32","date_gmt":"2022-10-21T08:15:32","guid":{"rendered":"https:\/\/klbtheme.com\/partdo\/?post_type=product&#038;p=3132"},"modified":"2026-01-01T17:09:13","modified_gmt":"2026-01-01T22:09:13","slug":"vision-147-daytona-hyper-silver","status":"publish","type":"product","link":"https:\/\/www.sfgsac.net\/?product=vision-147-daytona-hyper-silver","title":{"rendered":"Steelpro, Casco de seguridad Forte,  1\/Paquete"},"content":{"rendered":"<p><strong>Caracter\u00edsticas:<\/strong><\/p>\n<ul>\n<li>Fabricado en polietileno de alta densidad (PHAD)<\/li>\n<li>Suspensi\u00f3n o tafilete en cintas de nylon c\/ratchet<\/li>\n<li>Posee un ajuste fijo para la resistencia al impacto<\/li>\n<li>Resistencia al impacto y de baja degradaci\u00f3n<\/li>\n<li>Totalmente diel\u00e9ctrico<\/li>\n<li>Posee dos puntos de apoyo para barbuquejo<\/li>\n<li>Sistema universal de ensamble para accesorios<\/li>\n<li>Banda acolchada anti-sudor en la parte frontal<\/li>\n<li>Peso de casco + suspensi\u00f3n: 342.7 g. (ultraliviano)<\/li>\n<\/ul>\n<p>&nbsp;<\/p>\n<p>&nbsp;<\/p>\n","protected":false},"excerpt":{"rendered":"<p>Los cascos FORTE son productos en PHAD polietileno de alta densidad lo que brinda alta resistencia al impacto y baja degradaci\u00f3n. Posee suspensi\u00f3n tipo Roller que permite un ajuste r\u00e1pido y adecuado.<\/p>\n<p>&nbsp;<\/p>\n","protected":false},"featured_media":4786,"comment_status":"open","ping_status":"closed","template":"","meta":[],"product_cat":[78],"product_tag":[194,198,201,196,195,200,199,217],"class_list":{"0":"post-3132","1":"product","2":"type-product","3":"status-publish","4":"has-post-thumbnail","6":"product_cat-proteccion-cabeza","7":"product_tag-cabeza","8":"product_tag-cascos","9":"product_tag-epps","10":"product_tag-industrial","11":"product_tag-proteccion","12":"product_tag-salud","13":"product_tag-seguridad","14":"product_tag-steelpro","16":"first","17":"instock","18":"shipping-taxable","19":"purchasable","20":"product-type-simple"},"_links":{"self":[{"href":"https:\/\/www.sfgsac.net\/index.php?rest_route=\/wp\/v2\/product\/3132","targetHints":{"allow":["GET"]}}],"collection":[{"href":"https:\/\/www.sfgsac.net\/index.php?rest_route=\/wp\/v2\/product"}],"about":[{"href":"https:\/\/www.sfgsac.net\/index.php?rest_route=\/wp\/v2\/types\/product"}],"replies":[{"embeddable":true,"href":"https:\/\/www.sfgsac.net\/index.php?rest_route=%2Fwp%2Fv2%2Fcomments&post=3132"}],"wp:featuredmedia":[{"embeddable":true,"href":"https:\/\/www.sfgsac.net\/index.php?rest_route=\/wp\/v2\/media\/4786"}],"wp:attachment":[{"href":"https:\/\/www.sfgsac.net\/index.php?rest_route=%2Fwp%2Fv2%2Fmedia&parent=3132"}],"wp:term":[{"taxonomy":"product_cat","embeddable":true,"href":"https:\/\/www.sfgsac.net\/index.php?rest_route=%2Fwp%2Fv2%2Fproduct_cat&post=3132"},{"taxonomy":"product_tag","embeddable":true,"href":"https:\/\/www.sfgsac.net\/index.php?rest_route=%2Fwp%2Fv2%2Fproduct_tag&post=3132"}],"curies":[{"name":"wp","href":"https:\/\/api.w.org\/{rel}","templated":true}]}}