{"id":4600,"date":"2023-10-18T15:34:58","date_gmt":"2023-10-18T20:34:58","guid":{"rendered":"https:\/\/www.sfgsac.net\/?post_type=product&#038;p=4600"},"modified":"2024-04-16T15:50:46","modified_gmt":"2024-04-16T21:50:46","slug":"clute-guante-superflex-pu-12-paquete","status":"publish","type":"product","link":"https:\/\/www.sfgsac.net\/?product=clute-guante-superflex-pu-12-paquete","title":{"rendered":"Clute, Guante Soldador Red Demon (Rojo)1\/Paquete"},"content":{"rendered":"<p class=\"h6-lista\"><strong>Caracter\u00edsticas:<\/strong><\/p>\n<ul id=\"product_detail\" class=\"lista-detalle\">\n<li>Fabricado en 100% cuero descarne rojo<\/li>\n<li>Forro de muleton sobre la mano<\/li>\n<li>Doble costura en hilo Kevlar de dupont (fuerte y resistente al calor)<\/li>\n<li>Largo: 14\u2033<\/li>\n<li>Talla Standar<\/li>\n<li>Certificado en conformidad a las normas EN 388:2003 (Protecci\u00f3n contra riesgos mec\u00e1nicos) y EN 407:2004 (Protecci\u00f3n contra riesgos de calor y fuego)<\/li>\n<\/ul>\n","protected":false},"excerpt":{"rendered":"<p>Guante de soldador fabricado en 100% cuero descarne rojo con forro de 1.0 mm \u2013 1.2 mm<\/p>\n","protected":false},"featured_media":4750,"comment_status":"open","ping_status":"closed","template":"","meta":[],"product_cat":[63],"product_tag":[208,201,207,205,195,200,199,219,206],"class_list":{"0":"post-4600","1":"product","2":"type-product","3":"status-publish","4":"has-post-thumbnail","6":"product_cat-proteccion-manual","7":"product_tag-clute","8":"product_tag-epps","9":"product_tag-latex","10":"product_tag-manual","11":"product_tag-proteccion","12":"product_tag-salud","13":"product_tag-seguridad","14":"product_tag-soldadura","15":"product_tag-trabajo","17":"first","18":"instock","19":"shipping-taxable","20":"product-type-simple"},"_links":{"self":[{"href":"https:\/\/www.sfgsac.net\/index.php?rest_route=\/wp\/v2\/product\/4600","targetHints":{"allow":["GET"]}}],"collection":[{"href":"https:\/\/www.sfgsac.net\/index.php?rest_route=\/wp\/v2\/product"}],"about":[{"href":"https:\/\/www.sfgsac.net\/index.php?rest_route=\/wp\/v2\/types\/product"}],"replies":[{"embeddable":true,"href":"https:\/\/www.sfgsac.net\/index.php?rest_route=%2Fwp%2Fv2%2Fcomments&post=4600"}],"wp:featuredmedia":[{"embeddable":true,"href":"https:\/\/www.sfgsac.net\/index.php?rest_route=\/wp\/v2\/media\/4750"}],"wp:attachment":[{"href":"https:\/\/www.sfgsac.net\/index.php?rest_route=%2Fwp%2Fv2%2Fmedia&parent=4600"}],"wp:term":[{"taxonomy":"product_cat","embeddable":true,"href":"https:\/\/www.sfgsac.net\/index.php?rest_route=%2Fwp%2Fv2%2Fproduct_cat&post=4600"},{"taxonomy":"product_tag","embeddable":true,"href":"https:\/\/www.sfgsac.net\/index.php?rest_route=%2Fwp%2Fv2%2Fproduct_tag&post=4600"}],"curies":[{"name":"wp","href":"https:\/\/api.w.org\/{rel}","templated":true}]}}