{"id":4634,"date":"2023-10-18T19:13:29","date_gmt":"2023-10-19T00:13:29","guid":{"rendered":"https:\/\/www.sfgsac.net\/?post_type=product&#038;p=4634"},"modified":"2023-12-06T16:43:05","modified_gmt":"2023-12-06T21:43:05","slug":"segpro-clip-adaptador-para-cabezal-v200-1-paquete","status":"publish","type":"product","link":"https:\/\/www.sfgsac.net\/?product=segpro-clip-adaptador-para-cabezal-v200-1-paquete","title":{"rendered":"Segpro, Clip Adaptador Para Cabezal V200,  1\/Paquete"},"content":{"rendered":"<p><strong>Caracter\u00edsticas:<\/strong><\/p>\n<section class=\"blocContenu blocContenu-first\">\n<ul>\n<li>Cuerpo de ABS<\/li>\n<li>Resorte recubierto de PVC<\/li>\n<li>Pines para emsamblaje de visor facial<\/li>\n<li>Posee un basculante para levantar el visor facial<\/li>\n<li>En conjunto con el visor facial garantiza la protecci\u00f3n total del rostro<\/li>\n<li>Material: Cuerpo de ABS, resorte recubierto de PVC, pines para emsamblaje de visor facial. Posee un basculante para levantar el Visor Facial<\/li>\n<li>Protecci\u00f3n: Al ser utilizado en conjunto con el visor facial protege de proyecci\u00f3n de part\u00edculas salpicaduras de acidos, pulidos, entre otros<\/li>\n<li>Peso: 110 gr<\/li>\n<li>Uso : Trabajos metalmec\u00e1nicos, de corte y pulido, fundiciones en horno, forja, tratamientos t\u00e9rmicos, secado de pintura, construcci\u00f3n, medicina, talleres mec\u00e1nicos y aserraderos<\/li>\n<\/ul>\n<\/section>\n<section class=\"blocContenu\"><\/section>\n<section class=\"blocContenu\">\n<div><\/div>\n<div><\/div>\n<div><\/div>\n<div><\/div>\n<\/section>\n<p>&nbsp;<\/p>\n<p>&nbsp;<\/p>\n","protected":false},"excerpt":{"rendered":"<p>EL ADAPTADOR PARA VISOR SEGPRO ESTA DISE\u00d1ADO PARA UTILIZAR EN CUALQUIER CASCO DE SEGURIDAD ESTANDAR, ES LIVIANO Y C\u00d3MODO.<\/p>\n<p>&nbsp;<\/p>\n","protected":false},"featured_media":4778,"comment_status":"open","ping_status":"closed","template":"","meta":[],"product_cat":[62],"product_tag":[194,198,201,196,195,200,199],"class_list":{"0":"post-4634","1":"product","2":"type-product","3":"status-publish","4":"has-post-thumbnail","6":"product_cat-proteccion-facial","7":"product_tag-cabeza","8":"product_tag-cascos","9":"product_tag-epps","10":"product_tag-industrial","11":"product_tag-proteccion","12":"product_tag-salud","13":"product_tag-seguridad","15":"first","16":"instock","17":"shipping-taxable","18":"purchasable","19":"product-type-simple"},"_links":{"self":[{"href":"https:\/\/www.sfgsac.net\/index.php?rest_route=\/wp\/v2\/product\/4634","targetHints":{"allow":["GET"]}}],"collection":[{"href":"https:\/\/www.sfgsac.net\/index.php?rest_route=\/wp\/v2\/product"}],"about":[{"href":"https:\/\/www.sfgsac.net\/index.php?rest_route=\/wp\/v2\/types\/product"}],"replies":[{"embeddable":true,"href":"https:\/\/www.sfgsac.net\/index.php?rest_route=%2Fwp%2Fv2%2Fcomments&post=4634"}],"wp:featuredmedia":[{"embeddable":true,"href":"https:\/\/www.sfgsac.net\/index.php?rest_route=\/wp\/v2\/media\/4778"}],"wp:attachment":[{"href":"https:\/\/www.sfgsac.net\/index.php?rest_route=%2Fwp%2Fv2%2Fmedia&parent=4634"}],"wp:term":[{"taxonomy":"product_cat","embeddable":true,"href":"https:\/\/www.sfgsac.net\/index.php?rest_route=%2Fwp%2Fv2%2Fproduct_cat&post=4634"},{"taxonomy":"product_tag","embeddable":true,"href":"https:\/\/www.sfgsac.net\/index.php?rest_route=%2Fwp%2Fv2%2Fproduct_tag&post=4634"}],"curies":[{"name":"wp","href":"https:\/\/api.w.org\/{rel}","templated":true}]}}

<p><strong>Características:</strong></p>
<section class="blocContenu blocContenu-first">
<ul>
<li>Cuerpo de ABS</li>
<li>Resorte recubierto de PVC</li>
<li>Pines para emsamblaje de visor facial</li>
<li>Posee un basculante para levantar el visor facial</li>
<li>En conjunto con el visor facial garantiza la protección total del rostro</li>
<li>Material: Cuerpo de ABS, resorte recubierto de PVC, pines para emsamblaje de visor facial. Posee un basculante para levantar el Visor Facial</li>
<li>Protección: Al ser utilizado en conjunto con el visor facial protege de proyección de partículas salpicaduras de acidos, pulidos, entre otros</li>
<li>Peso: 110 gr</li>
<li>Uso : Trabajos metalmecánicos, de corte y pulido, fundiciones en horno, forja, tratamientos térmicos, secado de pintura, construcción, medicina, talleres mecánicos y aserraderos</li>
</ul>
</section>
<section class="blocContenu"></section>
<section class="blocContenu">
<div></div>
<div></div>
<div></div>
<div></div>
</section>
<p>&nbsp;</p>
<p>&nbsp;</p>

<p>EL ADAPTADOR PARA VISOR SEGPRO ESTA DISEÑADO PARA UTILIZAR EN CUALQUIER CASCO DE SEGURIDAD ESTANDAR, ES LIVIANO Y CÓMODO.</p>
<p>&nbsp;</p>
