{"id":4820,"date":"2023-11-07T18:31:54","date_gmt":"2023-11-07T23:31:54","guid":{"rendered":"https:\/\/www.sfgsac.net\/?post_type=product&#038;p=4820"},"modified":"2023-11-07T18:43:01","modified_gmt":"2023-11-07T23:43:01","slug":"3m-cartucho-contra-gases-acidos-2096-2-paquete-copy","status":"publish","type":"product","link":"https:\/\/www.sfgsac.net\/?product=3m-cartucho-contra-gases-acidos-2096-2-paquete-copy","title":{"rendered":"3M, Cartucho Combinado 60923, 2\/Paquete"},"content":{"rendered":"<p><strong>Caracter\u00edsticas:<\/strong><\/p>\n<ul>\n<li>Cartucho combinado para amon\u00edaco\/metilamina con filtro de part\u00edculas P100<\/li>\n<li>Dise\u00f1o swept-back para mejora del campo de visi\u00f3n y el equilibrio<\/li>\n<li>Utilizar con Respiradores Reutilizables 3M\u2122<\/li>\n<li>Aprobado por NIOSH contra ciertos vapores org\u00e1nicos, gases \u00e1cidos y part\u00edculas. Usar con m\u00e1scaras medias y completas 3M series 6000, 7000 y FF-400 con soportes para filtro de bayoneta.<\/li>\n<\/ul>\n","protected":false},"excerpt":{"rendered":"<div class=\"woocommerce-product-details__short-description\">\n<p>El filtro para part\u00edculas 2096, P100de 3M con medio electrost\u00e1tico avanzado, fue desarrollado teniendo en cuenta las necesidades del usuario de equipos de protecci\u00f3n respiratoria. Cuenta con capa de carb\u00f3n activado especialmente dise\u00f1ada para eliminar los niveles molestos de gases \u00e1cidos.<\/p>\n<\/div>\n<div class=\"product_meta\"><\/div>\n","protected":false},"featured_media":4807,"comment_status":"open","ping_status":"closed","template":"","meta":[],"product_cat":[117],"product_tag":[210,214,209,213,211,212],"class_list":{"0":"post-4820","1":"product","2":"type-product","3":"status-publish","4":"has-post-thumbnail","6":"product_cat-proteccion-respiratoria","7":"product_tag-3m","8":"product_tag-3m-peru","9":"product_tag-mascarilla","10":"product_tag-proteccion-respiratoria","11":"product_tag-respirador","12":"product_tag-respiradores","14":"first","15":"instock","16":"shipping-taxable","17":"purchasable","18":"product-type-simple"},"_links":{"self":[{"href":"https:\/\/www.sfgsac.net\/index.php?rest_route=\/wp\/v2\/product\/4820","targetHints":{"allow":["GET"]}}],"collection":[{"href":"https:\/\/www.sfgsac.net\/index.php?rest_route=\/wp\/v2\/product"}],"about":[{"href":"https:\/\/www.sfgsac.net\/index.php?rest_route=\/wp\/v2\/types\/product"}],"replies":[{"embeddable":true,"href":"https:\/\/www.sfgsac.net\/index.php?rest_route=%2Fwp%2Fv2%2Fcomments&post=4820"}],"wp:featuredmedia":[{"embeddable":true,"href":"https:\/\/www.sfgsac.net\/index.php?rest_route=\/wp\/v2\/media\/4807"}],"wp:attachment":[{"href":"https:\/\/www.sfgsac.net\/index.php?rest_route=%2Fwp%2Fv2%2Fmedia&parent=4820"}],"wp:term":[{"taxonomy":"product_cat","embeddable":true,"href":"https:\/\/www.sfgsac.net\/index.php?rest_route=%2Fwp%2Fv2%2Fproduct_cat&post=4820"},{"taxonomy":"product_tag","embeddable":true,"href":"https:\/\/www.sfgsac.net\/index.php?rest_route=%2Fwp%2Fv2%2Fproduct_tag&post=4820"}],"curies":[{"name":"wp","href":"https:\/\/api.w.org\/{rel}","templated":true}]}}