{"id":4846,"date":"2023-11-07T22:59:09","date_gmt":"2023-11-08T03:59:09","guid":{"rendered":"https:\/\/www.sfgsac.net\/?post_type=product&#038;p=4846"},"modified":"2023-11-07T23:14:11","modified_gmt":"2023-11-08T04:14:11","slug":"3m-cartucho-multigases-6006-2-paquete","status":"publish","type":"product","link":"https:\/\/www.sfgsac.net\/?product=3m-cartucho-multigases-6006-2-paquete","title":{"rendered":"3M, Cartucho Multigases 6006, 2\/Paquete"},"content":{"rendered":"<p><strong>Caracter\u00edsticas:<\/strong><\/p>\n<ul>\n<li>Aprobaci\u00f3n NIOSH.<\/li>\n<li>Cartucho multi gas y vapor.<\/li>\n<li>Utilizar con Respiradores Reutilizables 3M\u2122<\/li>\n<li>Dise\u00f1o swept-back para mejora del campo de visi\u00f3n y el equilibrio.<\/li>\n<li>30 pares por cart\u00f3n.<\/li>\n<\/ul>\n","protected":false},"excerpt":{"rendered":"<p>Cartucho 3M 6006\u00a0es un elemento de\u00a0seguridad industrial\u00a0para\u00a0Multiples gases y vapores. Aprobado por\u00a0NIOSH\/MSHA . TC-23C-XXX.\u00a0Brinda\u00a0protecci\u00f3n respiratoria\u00a0contra vapores org\u00e1nicos, cloro, di\u00f3xido de cloro, cloruro de hidr\u00f3geno, di\u00f3xido de azufre, fluoruro de hidr\u00f3geno, sulfuro de hidr\u00f3geno (s\u00f3lo escape), amon\u00edaco, metilamina, formaldeh\u00eddo.<\/p>\n","protected":false},"featured_media":4860,"comment_status":"open","ping_status":"closed","template":"","meta":[],"product_cat":[117],"product_tag":[210,214,209,213,211,212],"class_list":{"0":"post-4846","1":"product","2":"type-product","3":"status-publish","4":"has-post-thumbnail","6":"product_cat-proteccion-respiratoria","7":"product_tag-3m","8":"product_tag-3m-peru","9":"product_tag-mascarilla","10":"product_tag-proteccion-respiratoria","11":"product_tag-respirador","12":"product_tag-respiradores","14":"first","15":"instock","16":"shipping-taxable","17":"purchasable","18":"product-type-simple"},"_links":{"self":[{"href":"https:\/\/www.sfgsac.net\/index.php?rest_route=\/wp\/v2\/product\/4846","targetHints":{"allow":["GET"]}}],"collection":[{"href":"https:\/\/www.sfgsac.net\/index.php?rest_route=\/wp\/v2\/product"}],"about":[{"href":"https:\/\/www.sfgsac.net\/index.php?rest_route=\/wp\/v2\/types\/product"}],"replies":[{"embeddable":true,"href":"https:\/\/www.sfgsac.net\/index.php?rest_route=%2Fwp%2Fv2%2Fcomments&post=4846"}],"wp:featuredmedia":[{"embeddable":true,"href":"https:\/\/www.sfgsac.net\/index.php?rest_route=\/wp\/v2\/media\/4860"}],"wp:attachment":[{"href":"https:\/\/www.sfgsac.net\/index.php?rest_route=%2Fwp%2Fv2%2Fmedia&parent=4846"}],"wp:term":[{"taxonomy":"product_cat","embeddable":true,"href":"https:\/\/www.sfgsac.net\/index.php?rest_route=%2Fwp%2Fv2%2Fproduct_cat&post=4846"},{"taxonomy":"product_tag","embeddable":true,"href":"https:\/\/www.sfgsac.net\/index.php?rest_route=%2Fwp%2Fv2%2Fproduct_tag&post=4846"}],"curies":[{"name":"wp","href":"https:\/\/api.w.org\/{rel}","templated":true}]}}