{"id":4852,"date":"2023-11-07T22:59:28","date_gmt":"2023-11-08T03:59:28","guid":{"rendered":"https:\/\/www.sfgsac.net\/?post_type=product&#038;p=4852"},"modified":"2024-04-16T15:58:53","modified_gmt":"2024-04-16T21:58:53","slug":"3m-respirador-media-cara-7502-1-paquete","status":"publish","type":"product","link":"https:\/\/www.sfgsac.net\/?product=3m-respirador-media-cara-7502-1-paquete","title":{"rendered":"3M, Respirador Media Cara 7502, 1\/Paquete"},"content":{"rendered":"<p><strong>Caracter\u00edsticas:<\/strong><\/p>\n<ul>\n<li>Respirador \u2013 Mascarilla 3m 7502 La pieza en silicona,ofrece una protecci\u00f3n c\u00f3moda y duradera.<\/li>\n<li>El respirador de media cara 3M se puede utilizar con cartuchos y filtros de la l\u00ednea 6000 y<br \/>\n2000 ( ver tabla), ofrece protecci\u00f3n en variadas de aplicaciones.<\/li>\n<li>El dise\u00f1o de bajo perfil de la pieza facial, permite una mejor visibilidad, disminuye la fatiga del usuario.<\/li>\n<li>Ademas de utilizarse con los cartuchos de la l\u00ednea 6000, filtros de la l\u00ednea 2000 tambien puede utilizarse con el eqipo de l\u00ednea de aire de flujo cont\u00ednuo.<\/li>\n<li>El dise\u00f1o de v\u00e1lvula de exhalaci\u00f3n que permite adem\u00e1s de una r\u00e1pida salida del aire caliente, una f\u00e1cil comunicci\u00f3n.<\/li>\n<li>Cumple con las aprobaciones NIOSH\/MSHA<\/li>\n<li>Marca: 3M<\/li>\n<\/ul>\n","protected":false},"excerpt":{"rendered":"<p>Semim\u00e1scara 3M 7502 Silicona\u00a0es un\u00a0elemento de seguridad\u00a0reutilizable fabricado con material de silicona para proveer mayor\u00a0protecci\u00f3n respiratoria. Brinda mayor confort y durabilidad. Presenta una\u00a0v\u00e1lvula\u00a03M\u2122 Cool Flow\u2122\u00a0que facilita la respiraci\u00f3n y reduce notablemente el calor y la humedad. Posee un arn\u00e9s para cabeza con modo dual para modo est\u00e1ndar o hacia abajo.<\/p>\n","protected":false},"featured_media":4854,"comment_status":"open","ping_status":"closed","template":"","meta":[],"product_cat":[117],"product_tag":[210,214,209,213,211,212],"class_list":{"0":"post-4852","1":"product","2":"type-product","3":"status-publish","4":"has-post-thumbnail","6":"product_cat-proteccion-respiratoria","7":"product_tag-3m","8":"product_tag-3m-peru","9":"product_tag-mascarilla","10":"product_tag-proteccion-respiratoria","11":"product_tag-respirador","12":"product_tag-respiradores","14":"first","15":"instock","16":"shipping-taxable","17":"product-type-simple"},"_links":{"self":[{"href":"https:\/\/www.sfgsac.net\/index.php?rest_route=\/wp\/v2\/product\/4852","targetHints":{"allow":["GET"]}}],"collection":[{"href":"https:\/\/www.sfgsac.net\/index.php?rest_route=\/wp\/v2\/product"}],"about":[{"href":"https:\/\/www.sfgsac.net\/index.php?rest_route=\/wp\/v2\/types\/product"}],"replies":[{"embeddable":true,"href":"https:\/\/www.sfgsac.net\/index.php?rest_route=%2Fwp%2Fv2%2Fcomments&post=4852"}],"wp:featuredmedia":[{"embeddable":true,"href":"https:\/\/www.sfgsac.net\/index.php?rest_route=\/wp\/v2\/media\/4854"}],"wp:attachment":[{"href":"https:\/\/www.sfgsac.net\/index.php?rest_route=%2Fwp%2Fv2%2Fmedia&parent=4852"}],"wp:term":[{"taxonomy":"product_cat","embeddable":true,"href":"https:\/\/www.sfgsac.net\/index.php?rest_route=%2Fwp%2Fv2%2Fproduct_cat&post=4852"},{"taxonomy":"product_tag","embeddable":true,"href":"https:\/\/www.sfgsac.net\/index.php?rest_route=%2Fwp%2Fv2%2Fproduct_tag&post=4852"}],"curies":[{"name":"wp","href":"https:\/\/api.w.org\/{rel}","templated":true}]}}

<p><strong>Características:</strong></p>
<ul>
<li>Respirador – Mascarilla 3m 7502 La pieza en silicona,ofrece una protección cómoda y duradera.</li>
<li>El respirador de media cara 3M se puede utilizar con cartuchos y filtros de la línea 6000 y<br />
2000 ( ver tabla), ofrece protección en variadas de aplicaciones.</li>
<li>El diseño de bajo perfil de la pieza facial, permite una mejor visibilidad, disminuye la fatiga del usuario.</li>
<li>Ademas de utilizarse con los cartuchos de la línea 6000, filtros de la línea 2000 tambien puede utilizarse con el eqipo de línea de aire de flujo contínuo.</li>
<li>El diseño de válvula de exhalación que permite además de una rápida salida del aire caliente, una fácil comunicción.</li>
<li>Cumple con las aprobaciones NIOSH/MSHA</li>
<li>Marca: 3M</li>
</ul>

<p>Semimáscara 3M 7502 Silicona es un elemento de seguridad reutilizable fabricado con material de silicona para proveer mayor protección respiratoria. Brinda mayor confort y durabilidad. Presenta una válvula 3M™ Cool Flow™ que facilita la respiración y reduce notablemente el calor y la humedad. Posee un arnés para cabeza con modo dual para modo estándar o hacia abajo.</p>
