{"id":4975,"date":"2023-12-04T15:14:24","date_gmt":"2023-12-04T20:14:24","guid":{"rendered":"https:\/\/www.sfgsac.net\/?post_type=product&#038;p=4975"},"modified":"2023-12-04T15:36:16","modified_gmt":"2023-12-04T20:36:16","slug":"3m-lente-clasico-ij-204-12-cja","status":"publish","type":"product","link":"https:\/\/www.sfgsac.net\/?product=3m-lente-clasico-ij-204-12-cja","title":{"rendered":"3M, Lente Cl\u00e1sico IJ-204,  12\/cja"},"content":{"rendered":"<p><strong>Caracteristicas:<\/strong><\/p>\n<ul>\n<li>Tratamiento Retardante a la Rayadura: Lo que prolonga la vida de los lentes.<\/li>\n<li>Tratamiento Retardante al Empa\u00f1amiento: Ayuda a mejorar la visi\u00f3n del usuario.<\/li>\n<li>Longitud Ajustable: Permite su adaptaci\u00f3n a varios usuarios (4 posiciones).<\/li>\n<li>Lentes de prescripci\u00f3n: Su marco interior permite adaptar lentes de prescripci\u00f3n.<\/li>\n<li>Cumplen con la norma ANSI Z87.1-2003.<\/li>\n<\/ul>\n<section class=\"blocContenu\">\n<div><\/div>\n<div><\/div>\n<\/section>\n<p>&nbsp;<\/p>\n<p>&nbsp;<\/p>\n","protected":false},"excerpt":{"rendered":"<p>LENTE VIRTUA 11329 3M,\u00a0para la protecci\u00f3n contra radiaci\u00f3n UV, radiaci\u00f3n solar excesiva y protecci\u00f3n contra el impacto de part\u00edculas de alta velocidad. Cubrimiento lateral para mayor visibilidad y protecci\u00f3n. Ofrecen mayor comodidad debido a su reducido peso y pueden ser utilizadas todo el d\u00eda, en ambientes de trabajo regulares.<\/p>\n<p>&nbsp;<\/p>\n","protected":false},"featured_media":4968,"comment_status":"open","ping_status":"closed","template":"","meta":[],"product_cat":[87],"product_tag":[210,214,201,196,195,233,200,199],"class_list":{"0":"post-4975","1":"product","2":"type-product","3":"status-publish","4":"has-post-thumbnail","6":"product_cat-proteccion-visual","7":"product_tag-3m","8":"product_tag-3m-peru","9":"product_tag-epps","10":"product_tag-industrial","11":"product_tag-proteccion","12":"product_tag-proteccion-visual","13":"product_tag-salud","14":"product_tag-seguridad","16":"first","17":"instock","18":"shipping-taxable","19":"purchasable","20":"product-type-simple"},"_links":{"self":[{"href":"https:\/\/www.sfgsac.net\/index.php?rest_route=\/wp\/v2\/product\/4975","targetHints":{"allow":["GET"]}}],"collection":[{"href":"https:\/\/www.sfgsac.net\/index.php?rest_route=\/wp\/v2\/product"}],"about":[{"href":"https:\/\/www.sfgsac.net\/index.php?rest_route=\/wp\/v2\/types\/product"}],"replies":[{"embeddable":true,"href":"https:\/\/www.sfgsac.net\/index.php?rest_route=%2Fwp%2Fv2%2Fcomments&post=4975"}],"wp:featuredmedia":[{"embeddable":true,"href":"https:\/\/www.sfgsac.net\/index.php?rest_route=\/wp\/v2\/media\/4968"}],"wp:attachment":[{"href":"https:\/\/www.sfgsac.net\/index.php?rest_route=%2Fwp%2Fv2%2Fmedia&parent=4975"}],"wp:term":[{"taxonomy":"product_cat","embeddable":true,"href":"https:\/\/www.sfgsac.net\/index.php?rest_route=%2Fwp%2Fv2%2Fproduct_cat&post=4975"},{"taxonomy":"product_tag","embeddable":true,"href":"https:\/\/www.sfgsac.net\/index.php?rest_route=%2Fwp%2Fv2%2Fproduct_tag&post=4975"}],"curies":[{"name":"wp","href":"https:\/\/api.w.org\/{rel}","templated":true}]}}