{"id":5006,"date":"2023-12-05T08:18:31","date_gmt":"2023-12-05T13:18:31","guid":{"rendered":"https:\/\/www.sfgsac.net\/?post_type=product&#038;p=5006"},"modified":"2023-12-05T08:20:47","modified_gmt":"2023-12-05T13:20:47","slug":"clute-lente-gemenis-oscuro-12-cja","status":"publish","type":"product","link":"https:\/\/www.sfgsac.net\/?product=clute-lente-gemenis-oscuro-12-cja","title":{"rendered":"Clute, Lente G\u00e9menis Oscuro,  12\/cja"},"content":{"rendered":"<p><strong>Lentes Geminis Clute Luna Oscura<\/strong>, combinan un estilo moderno y atractivo con un dise\u00f1o envolvente para mejorar la seguridad del usuario, a la vez que proporcionan un amplio campo de visi\u00f3n.<\/p>\n<ul>\n<li>Lente de policarbonato con tratamiento antirayadura y antiempa\u00f1ante.<\/li>\n<li>Marco de nylon color negro.<\/li>\n<li>Ofrece una protecci\u00f3n contra rayos ultravioletas, la radiaci\u00f3n solar excesiva y protecci\u00f3n contra impacto de part\u00edculas de alta velocidad.<\/li>\n<li>Brinda mayor comodidad debido a su reducido peso, pudiendo ser utilizados todo el d\u00eda en diversas \u00e1reas de trabajo.<\/li>\n<li>Ajuste individualizado gracias a la longitud de la patilla regulable (4 posiciones) y al pivot angular, ofreciendo el confort necesario.<\/li>\n<li>Gran comodidad gracias al puente nasal ventilado.<\/li>\n<li>Patillas flexibles para un mejor ajuste en rostros m\u00e1s anchos.<\/li>\n<li>Marca: Clute.<\/li>\n<li>Modelo: Geminis.<\/li>\n<li>Procedencia: Taiwan.<\/li>\n<li>Certificaci\u00f3n: ANSI Z81.1 EN: 170 y EN: 172<\/li>\n<\/ul>\n<h3><strong>APLICACIONES<\/strong><\/h3>\n<ul>\n<li>Miner\u00eda.<\/li>\n<li>Construcci\u00f3n.<\/li>\n<li>Metal mec\u00e1nica.<\/li>\n<li>Forestal.<\/li>\n<li>Agricultura.<\/li>\n<li>Industria y talleres de autom\u00f3viles.<\/li>\n<li>Laboratorios.<\/li>\n<li>Trabajos con madera.<\/li>\n<li>Pintura y decoraci\u00f3n.<\/li>\n<li>Actividades deportivas.<\/li>\n<\/ul>\n<p>&nbsp;<\/p>\n","protected":false},"excerpt":{"rendered":"<div class=\"woocommerce-product-details__short-description\">\n<p>Lentes Geminis Clute Luna Oscura, combinan un estilo moderno y atractivo con un dise\u00f1o envolvente para mejorar la seguridad del usuario, a la vez que proporcionan un amplio campo de visi\u00f3n.<\/p>\n<\/div>\n<div class=\"product_meta\"><\/div>\n<p>&nbsp;<\/p>\n","protected":false},"featured_media":4997,"comment_status":"open","ping_status":"closed","template":"","meta":[],"product_cat":[87],"product_tag":[208,201,196,195,233,200,199],"class_list":{"0":"post-5006","1":"product","2":"type-product","3":"status-publish","4":"has-post-thumbnail","6":"product_cat-proteccion-visual","7":"product_tag-clute","8":"product_tag-epps","9":"product_tag-industrial","10":"product_tag-proteccion","11":"product_tag-proteccion-visual","12":"product_tag-salud","13":"product_tag-seguridad","15":"first","16":"instock","17":"shipping-taxable","18":"purchasable","19":"product-type-simple"},"_links":{"self":[{"href":"https:\/\/www.sfgsac.net\/index.php?rest_route=\/wp\/v2\/product\/5006","targetHints":{"allow":["GET"]}}],"collection":[{"href":"https:\/\/www.sfgsac.net\/index.php?rest_route=\/wp\/v2\/product"}],"about":[{"href":"https:\/\/www.sfgsac.net\/index.php?rest_route=\/wp\/v2\/types\/product"}],"replies":[{"embeddable":true,"href":"https:\/\/www.sfgsac.net\/index.php?rest_route=%2Fwp%2Fv2%2Fcomments&post=5006"}],"wp:featuredmedia":[{"embeddable":true,"href":"https:\/\/www.sfgsac.net\/index.php?rest_route=\/wp\/v2\/media\/4997"}],"wp:attachment":[{"href":"https:\/\/www.sfgsac.net\/index.php?rest_route=%2Fwp%2Fv2%2Fmedia&parent=5006"}],"wp:term":[{"taxonomy":"product_cat","embeddable":true,"href":"https:\/\/www.sfgsac.net\/index.php?rest_route=%2Fwp%2Fv2%2Fproduct_cat&post=5006"},{"taxonomy":"product_tag","embeddable":true,"href":"https:\/\/www.sfgsac.net\/index.php?rest_route=%2Fwp%2Fv2%2Fproduct_tag&post=5006"}],"curies":[{"name":"wp","href":"https:\/\/api.w.org\/{rel}","templated":true}]}}