{"id":5020,"date":"2023-12-06T16:59:24","date_gmt":"2023-12-06T21:59:24","guid":{"rendered":"https:\/\/www.sfgsac.net\/?post_type=product&#038;p=5020"},"modified":"2023-12-06T20:12:34","modified_gmt":"2023-12-07T01:12:34","slug":"segpro-protector-facial-de-policarbonato-1-paquete","status":"publish","type":"product","link":"https:\/\/www.sfgsac.net\/?product=segpro-protector-facial-de-policarbonato-1-paquete","title":{"rendered":"Segpro, Protector Facial de Policarbonato ,  1\/Paquete"},"content":{"rendered":"<p><strong>Caracter\u00edsticas:<\/strong><\/p>\n<section class=\"blocContenu blocContenu-first\">\n<ul>\n<li>Protecci\u00f3n: 14cal\/cm\u00b2 (ASTM): Protecci\u00f3n m\u00e1xima contra los arcos el\u00e9ctricos<\/li>\n<li>Protecci\u00f3n curva del ment\u00f3n: Sin molestias para los movimientos del usuario<\/li>\n<li>Tinte verde claro que logra el 55% de transmisi\u00f3n de la luz visible: Se preserva la percepci\u00f3n de los colores. Se percibe una luminosidad elevada<\/li>\n<li>Policarbonato inyectado 2 a 2,3 mm de espesor: Resistencia m\u00e1xima contra los golpes y el calor radiante<\/li>\n<li>EN166:2001\u00a0Protecci\u00f3n individual de los ojos<\/li>\n<li>EN170:2002\u00a0Filtros para el ultravioleta<\/li>\n<li>GS-ET 29:2011-05\u00a0Requisitos adicionales de protecci\u00f3n para el arco el\u00e9ctrico<\/li>\n<li>ASTM-F-2178-12\u00a0M\u00e9todo de ensayo est\u00e1ndar para determinar el \u00edndice de arco el\u00e9ctrico y especificaci\u00f3n est\u00e1ndar para los productos de protecci\u00f3n facial.<\/li>\n<li>ANSI Z87.1-2010 Instituto Nacional Estadounidense de Est\u00e1ndares: Dispositivos profesionales y de capacitaci\u00f3n de protecci\u00f3n para los ojos y el rostro.<\/li>\n<\/ul>\n<\/section>\n<section class=\"blocContenu\"><\/section>\n<section class=\"blocContenu\">\n<div><\/div>\n<div><\/div>\n<div><\/div>\n<div><\/div>\n<\/section>\n<p>&nbsp;<\/p>\n<p>&nbsp;<\/p>\n","protected":false},"excerpt":{"rendered":"<div class=\"woocommerce-product-details__short-description\">\n<p>Visor de policarbonato con ribete de aluminio. Dise\u00f1o ergon\u00f3mico y liviano para una protecci\u00f3n total del rostro.<\/p>\n<\/div>\n<div class=\"product_meta\"><\/div>\n<p>&nbsp;<\/p>\n","protected":false},"featured_media":5018,"comment_status":"open","ping_status":"closed","template":"","meta":[],"product_cat":[62],"product_tag":[194,208,222,201,196,195,200,199],"class_list":{"0":"post-5020","1":"product","2":"type-product","3":"status-publish","4":"has-post-thumbnail","6":"product_cat-proteccion-facial","7":"product_tag-cabeza","8":"product_tag-clute","9":"product_tag-deltaplus","10":"product_tag-epps","11":"product_tag-industrial","12":"product_tag-proteccion","13":"product_tag-salud","14":"product_tag-seguridad","16":"first","17":"instock","18":"shipping-taxable","19":"purchasable","20":"product-type-simple"},"_links":{"self":[{"href":"https:\/\/www.sfgsac.net\/index.php?rest_route=\/wp\/v2\/product\/5020","targetHints":{"allow":["GET"]}}],"collection":[{"href":"https:\/\/www.sfgsac.net\/index.php?rest_route=\/wp\/v2\/product"}],"about":[{"href":"https:\/\/www.sfgsac.net\/index.php?rest_route=\/wp\/v2\/types\/product"}],"replies":[{"embeddable":true,"href":"https:\/\/www.sfgsac.net\/index.php?rest_route=%2Fwp%2Fv2%2Fcomments&post=5020"}],"wp:featuredmedia":[{"embeddable":true,"href":"https:\/\/www.sfgsac.net\/index.php?rest_route=\/wp\/v2\/media\/5018"}],"wp:attachment":[{"href":"https:\/\/www.sfgsac.net\/index.php?rest_route=%2Fwp%2Fv2%2Fmedia&parent=5020"}],"wp:term":[{"taxonomy":"product_cat","embeddable":true,"href":"https:\/\/www.sfgsac.net\/index.php?rest_route=%2Fwp%2Fv2%2Fproduct_cat&post=5020"},{"taxonomy":"product_tag","embeddable":true,"href":"https:\/\/www.sfgsac.net\/index.php?rest_route=%2Fwp%2Fv2%2Fproduct_tag&post=5020"}],"curies":[{"name":"wp","href":"https:\/\/api.w.org\/{rel}","templated":true}]}}

<p><strong>Características:</strong></p>
<section class="blocContenu blocContenu-first">
<ul>
<li>Protección: 14cal/cm² (ASTM): Protección máxima contra los arcos eléctricos</li>
<li>Protección curva del mentón: Sin molestias para los movimientos del usuario</li>
<li>Tinte verde claro que logra el 55% de transmisión de la luz visible: Se preserva la percepción de los colores. Se percibe una luminosidad elevada</li>
<li>Policarbonato inyectado 2 a 2,3 mm de espesor: Resistencia máxima contra los golpes y el calor radiante</li>
<li>EN166:2001 Protección individual de los ojos</li>
<li>EN170:2002 Filtros para el ultravioleta</li>
<li>GS-ET 29:2011-05 Requisitos adicionales de protección para el arco eléctrico</li>
<li>ASTM-F-2178-12 Método de ensayo estándar para determinar el índice de arco eléctrico y especificación estándar para los productos de protección facial.</li>
<li>ANSI Z87.1-2010 Instituto Nacional Estadounidense de Estándares: Dispositivos profesionales y de capacitación de protección para los ojos y el rostro.</li>
</ul>
</section>
<section class="blocContenu"></section>
<section class="blocContenu">
<div></div>
<div></div>
<div></div>
<div></div>
</section>
<p>&nbsp;</p>
<p>&nbsp;</p>

<div class="woocommerce-product-details__short-description">
<p>Visor de policarbonato con ribete de aluminio. Diseño ergonómico y liviano para una protección total del rostro.</p>
</div>
<div class="product_meta"></div>
<p>&nbsp;</p>
