{"id":5024,"date":"2023-12-06T20:27:55","date_gmt":"2023-12-07T01:27:55","guid":{"rendered":"https:\/\/www.sfgsac.net\/?post_type=product&#038;p=5024"},"modified":"2023-12-06T20:33:50","modified_gmt":"2023-12-07T01:33:50","slug":"portwest-casco-soldadura-bizweld-plus-pw65-1-paquete","status":"publish","type":"product","link":"https:\/\/www.sfgsac.net\/?product=portwest-casco-soldadura-bizweld-plus-pw65-1-paquete","title":{"rendered":"Portwest, Casco Soldadura BizWeld Plus PW65 , 1\/Paquete"},"content":{"rendered":"<p><strong>Caracter\u00edsticas:<\/strong><\/p>\n<section class=\"blocContenu blocContenu-first\">\n<ul>\n<li>Certificado CE.<\/li>\n<li>Ajuste por ruleta para mayor facilidad.<\/li>\n<li>Con energ\u00eda por panel solar y dos bater\u00edas de litio de apoyo. M\u00e1s de 5000 horas de duraci\u00f3n.<\/li>\n<li>Autom\u00e1tica, cambia a oscuro cuando comienza el proceso de soldadura.<\/li>\n<li>Apto para un amplio abanico de aplicaciones.<\/li>\n<li>Se puede usar con mascarillas desechables.<\/li>\n<li>Material: Polietileno, Polipropileno, Nylon.<\/li>\n<li>Standards:<\/li>\n<\/ul>\n<\/section>\n<section class=\"blocContenu\"><\/section>\n<section class=\"blocContenu\">\n<div><\/div>\n<div><\/div>\n<div><\/div>\n<div><\/div>\n<\/section>\n<p>&nbsp;<\/p>\n<p>&nbsp;<\/p>\n","protected":false},"excerpt":{"rendered":"<div class=\"woocommerce-product-details__short-description\">\n<p>Casco para soldadura, que se oscurece autom\u00e1ticamente, cambiando de luz a oscuridad al comenzar la tarea de soldadura. El estado de luz es DIN 4. El estado de oscuridad es ajustable, entre DIN9 y DIN13, usando el mando exterior. El tiempo de respuesta de luz a oscuridad es de 0,04 milisegundos, y el de vuelta, de la oscuridad a la luz, es de 0,03 \u2013 0,04 segundos. La energ\u00eda se suministra por bater\u00edas solares con 2 bater\u00edas de litio incorporadas que ofrecen un respaldo de energ\u00eda para una mayor vida de servicio. No es necesario sustituir las bater\u00edas.<\/p>\n<\/div>\n<div class=\"product_meta\"><\/div>\n<p>&nbsp;<\/p>\n","protected":false},"featured_media":5029,"comment_status":"open","ping_status":"closed","template":"","meta":[],"product_cat":[62],"product_tag":[194,208,222,201,196,195,200,199],"class_list":{"0":"post-5024","1":"product","2":"type-product","3":"status-publish","4":"has-post-thumbnail","6":"product_cat-proteccion-facial","7":"product_tag-cabeza","8":"product_tag-clute","9":"product_tag-deltaplus","10":"product_tag-epps","11":"product_tag-industrial","12":"product_tag-proteccion","13":"product_tag-salud","14":"product_tag-seguridad","16":"first","17":"instock","18":"shipping-taxable","19":"purchasable","20":"product-type-simple"},"_links":{"self":[{"href":"https:\/\/www.sfgsac.net\/index.php?rest_route=\/wp\/v2\/product\/5024","targetHints":{"allow":["GET"]}}],"collection":[{"href":"https:\/\/www.sfgsac.net\/index.php?rest_route=\/wp\/v2\/product"}],"about":[{"href":"https:\/\/www.sfgsac.net\/index.php?rest_route=\/wp\/v2\/types\/product"}],"replies":[{"embeddable":true,"href":"https:\/\/www.sfgsac.net\/index.php?rest_route=%2Fwp%2Fv2%2Fcomments&post=5024"}],"wp:featuredmedia":[{"embeddable":true,"href":"https:\/\/www.sfgsac.net\/index.php?rest_route=\/wp\/v2\/media\/5029"}],"wp:attachment":[{"href":"https:\/\/www.sfgsac.net\/index.php?rest_route=%2Fwp%2Fv2%2Fmedia&parent=5024"}],"wp:term":[{"taxonomy":"product_cat","embeddable":true,"href":"https:\/\/www.sfgsac.net\/index.php?rest_route=%2Fwp%2Fv2%2Fproduct_cat&post=5024"},{"taxonomy":"product_tag","embeddable":true,"href":"https:\/\/www.sfgsac.net\/index.php?rest_route=%2Fwp%2Fv2%2Fproduct_tag&post=5024"}],"curies":[{"name":"wp","href":"https:\/\/api.w.org\/{rel}","templated":true}]}}